when 12 is divided by l?
0
Let c = 7 + 24. Let h = 69 - 65. Let x(o) = 11*o - 27. What is the remainder when c is divided by x(h)?
14
Let t = -98 + 205. Calculate the remainder when t is divided by 19.
12
Let c(i) = -13*i - 108. What is the remainder when 241 is divided by c(-11)?
31
Suppose 502 - 1534 = -6*t. Calculate the remainder when t is divided by 58.
56
Let x be (-2)/(-3)*33/(-1). Let a = x + 26. Suppose -58 = -2*m - a*z, 4*m - 2*z = 59 + 37. Calculate the remainder when m is divided by 7.
4
Suppose 0*h = 2*h. Suppose h = -i + 4 - 0. What is the remainder when 5/(-30) + (-110)/(-12) is divided by i?
1
Suppose 2*w + 4*z = -2 - 6, 3*w = -3*z - 6. Suppose w = -2*f + 5*f - 18. What is the remainder when 11 is divided by (f - 1) + 2 + -1?
5
Let s = -2647 - -2769. Calculate the remainder when s is divided by (17/(-2) - 2)*-2.
17
Let i = 261 - 201. What is the remainder when 211 is divided by i?
31
Let g(v) = v**3 - v**2 - 3*v - 2. Suppose -2*w - 5 = -x - 2, w - 3 = -x. What is the remainder when g(3) is divided by x?
1
Suppose -2*u = 3*m + 8, 16 + 2 = -u - 5*m. What is the remainder when (-2 - -4)*23/u is divided by 9?
5
Let z(w) = 74*w**3 - 139*w**3 + 66*w**3 + 9*w**2 + 3 - 4*w. What is the remainder when 75 is divided by z(-9)?
36
Let j be -4*(-5 + -2 + -1). Let o = 7 + j. Calculate the remainder when o is divided by 9.
3
Let w = -49 + 11. Let n = 45 + w. Calculate the remainder when (38/(-4) + 0)*-2 is divided by n.
5
Suppose -4*u + 120 = 4*j, 5*u - 78 - 87 = -2*j. Calculate the remainder when u is divided by 12.
11
Let x = -133 + 198. What is the remainder when 256 is divided by x?
61
Suppose 42 = 2*t + 3*g, -3*g + 12 + 45 = 3*t. What is the remainder when t is divided by (4/(-10))/((-8)/80)?
3
What is the remainder when 55 is divided by (-14 - -17)*(-1 + 10/3)?
6
Suppose 3*d - 56 = -2*d - 2*h, -h + 53 = 5*d. Suppose 0 = 3*q - 115 + d. Let i = 7 + 2. What is the remainder when q is divided by i?
8
Let k(z) be the second derivative of -z**4/12 - 5*z**3/3 - 11*z**2/2 - 20*z. Calculate the remainder when 32 is divided by k(-8).
2
Let c(h) = 3*h + 18. Let m be c(-5). Suppose -m*l + 5*f - 4*f + 75 = 0, 2*l - f - 50 = 0. What is the remainder when 95 is divided by l?
20
Calculate the remainder when 10*(-3)/(45/(-267)) is divided by 36.
34
Suppose 28*m = 24*m - 32. What is the remainder when (-146)/m + (0 - 9/(-12)) is divided by 11?
8
Suppose 0 = -3*s - a + 333 - 40, 5*a + 20 = 0. Calculate the remainder when s is divided by 21.
15
Let v(b) = -b - 1. Let f be v(-6). Suppose 5*d = f*j - 60, -5*j - d - 4*d + 60 = 0. Let x = 41 + 4. Calculate the remainder when x is divided by j.
9
Let r be (-790)/(-6) + (-11)/(-33). What is the remainder when 37 is divided by r/16 - 2/8?
5
Suppose 7*k + 152 = 9*k. What is the remainder when k is divided by 32?
12
Let x = 1 + -2. Let v = 14 + -9. Calculate the remainder when 14 + (1 - (0 + x)) is divided by v.
1
Let x = -27 - -9. Let a be 4/(-36) - 128/x. Suppose a*q = 8*q - 8. Calculate the remainder when 29 is divided by q.
5
What is the remainder when (-2932)/16*-2 + (-7)/14 is divided by 9?
6
Let v = 454 + -372. What is the remainder when v is divided by 12?
10
Calculate the remainder when 29 is divided by (118/295)/((-1)/(-20)).
5
Suppose 5*i + 15 = -5. Let c be -2*(-30)/(2 - 4). What is the remainder when 33 is divided by ((-6)/i)/((-5)/c)?
6
What is the remainder when 94 + ((-9)/(-27))/((-1)/9) is divided by 49?
42
Let s(t) = -3*t - 14. Let h be s(-20). Let c = h - 41. What is the remainder when c is divided by 2?
1
Let n(g) = -3*g**2 - 56*g - 17. Suppose a = -3*a + 4. What is the remainder when n(-18) is divided by 2 + 6/2*a?
4
Let n = -370 - -592. Calculate the remainder when n is divided by 38.
32
Let v = -43 - -46. Suppose -v*h + 69 = 3*p, -h = 4*p - 0*p - 107. What is the remainder when p is divided by 10?
8
Let t(f) = f**2 - 5*f - 127. What is the remainder when 136 is divided by t(15)?
21
Let w(k) be the first derivative of -k**2 - 6*k + 19. Let b = 28 - 8. What is the remainder when b is divided by w(-9)?
8
Let j be 0 - (39 + 0 + 4). Let r = -39 - j. What is the remainder when r is divided by 2?
0
Let p(u) = -u**2 + 17*u - 19. Let r be p(11). Suppose 2*t = -r + 85. Calculate the remainder when 111 is divided by t.
16
Let n(t) = -2 - t - 1 + 3*t. Let x be n(3). Suppose x*c = -q + 16, -2*q = 3*c - 0*c - 20. What is the remainder when 5 is divided by q?
1
Let k(o) = -o**3 - 7*o**2 + 4*o - 12. Let l(v) = -v**3 + 3*v**2 + 6*v + 12. Let j be l(5). What is the remainder when 39 is divided by k(j)?
19
Suppose 3*a + 444 = 3*u + 6*a, 4*u - a = 607. Calculate the remainder when u is divided by 76.
75
Suppose -2*z = z - 12. Suppose l = -5*n + 71, 309 = z*l - 2*n - 3*n. What is the remainder when l is divided by 20?
16
Suppose 5*y + v - 250 = -0*v, y - 4*v = 50. Let w = y - -96. What is the remainder when w is divided by 38?
32
Let i = 12 - 0. Suppose -t = -5*d + 20, 3*d - 3*t - t - i = 0. What is the remainder when 18 is divided by d + 1 + 2 + 0?
4
Let u(l) = 54*l - 2. Let w be 0*(-3)/(-1 - 5). Suppose -3*z + 15 = w, 0 = -2*q + q - 5*z + 26. What is the remainder when u(q) is divided by 9?
7
What is the remainder when (-688)/(-3)*9*10/120 is divided by 59?
54
Let y = 58 - -13. Calculate the remainder when y is divided by 25.
21
Let h be (-1)/((-3)/(3*2)). Suppose 3*u = -h*u + 80. Calculate the remainder when u is divided by 15/2*20/25.
4
Let m = 889 - 884. What is the remainder when 98 is divided by m?
3
Suppose -1920 = -12*m - 816. Calculate the remainder when 364 is divided by m.
88
Let v(y) = -9*y - 3. Calculate the remainder when v(-11) is divided by 27.
15
Let t = -47 - -47. Suppose t = 2*x - 71 - 33. Let w(q) = 6*q + 2. Calculate the remainder when x is divided by w(2).
10
Suppose 5*k - 5*s - 40 = 0, 5*k + s = -2*s. Suppose -k*f = -24 + 3. Suppose 2*b + 5*d - 7 = 0, 17 = b - 5*d + 3*d. What is the remainder when b is divided by f?
4
Let t = -1213 - -1375. Suppose -2*x - k = 4*k - 91, -k = -5. Calculate the remainder when t is divided by x.
30
Let l(r) = 40*r**2 + 4*r + 2. What is the remainder when l(-1) is divided by ((-42)/8)/((-6)/24)?
17
Suppose -2*u - 2 = 0, 2*u + 54 = 3*s - s. Calculate the remainder when 220 is divided by s.
12
Let j(q) = q**3 - 6*q**2 + 4*q - 2. Let h be j(2). Let p = 16 + h. Calculate the remainder when 14 is divided by p.
2
Suppose -16*u + 0*u = -48. What is the remainder when 19 is divided by u?
1
Let i(j) = -j**2 + 3*j + 60. What is the remainder when 90 is divided by i(0)?
30
Suppose 5*d = d + 72. Suppose -270 = -5*c + 3*b + 95, 4*c = 4*b + 300. Calculate the remainder when c is divided by d.
16
Let c = -16 + 41. Suppose -g - c = -f, 3*f - 2*g = -0*g + 79. Let z = 1 + f. What is the remainder when z is divided by 11?
8
Let h = -10 + 15. Let d(i) = i**2 + 2*i + 2. Let k be d(h). Let g = -17 + k. What is the remainder when 79 is divided by g?
19
Let t = -831 - -880. Calculate the remainder when 96 is divided by t.
47
Let d(o) = 2*o - 9. Let g be d(6). Suppose 0 = g*c - 75 - 36. Let z = 4946 + -4926. Calculate the remainder when c is divided by z.
17
Suppose -40*m - 1069 = -4*o - 41*m, 5*o - 1315 = 3*m. What is the remainder when o is divided by 27?
23
Let f(m) = 8*m**2 - m - 18. What is the remainder when f(-7) is divided by 16?
13
Let q(z) = 18*z - 4. Suppose -b - 2*k = 2*b + 7, 5*k = -2*b - 23. Calculate the remainder when q(b) is divided by 8.
6
Let y(b) = 11*b**2 - 5*b - 31. What is the remainder when y(-4) is divided by 42?
39
Let o be -5 + 51/9 + 194/6. Let z = o + -11. Calculate the remainder when 85 is divided by z.
19
Suppose -3*m + 0*m + 36 = 0. Let n = -21 + m. Let p = -2 - n. What is the remainder when 13 is divided by p?
6
Let v(x) = -x**2 - 35*x + 84. Calculate the remainder when v(0) is divided by 40.
4
Let t(g) = g**3 + 3*g**2 - 2*g - 25. Calculate the remainder when t(7) is divided by 19.
14
Let p = -11 + 17. Let x = 3 - p. Calculate the remainder when 1/x + (-175)/(-3) is divided by 20.
18
Let a be -6*4/(-2 - 6). Suppose u - 7 = -a, 2*u + 3 = k. What is the remainder when 21 is divided by k?
10
Let n(q) = 3*q**2 + 12*q + 4. Let y be n(-5). Suppose -19 = -d + y. Let g(b) = b**3 - 8*b**2 - 9*b + 13. What is the remainder when d is divided by g(9)?
12
Suppo